 s**2 - 2 - 4*s. Let t be x(3). Suppose 4*n - 436 = -t*n. Is n prime?
True
Let a(c) = -c**3 + 15*c**2 + 10*c + 19. Let w be 10*((-2)/1)/(-4). Suppose -4*i - 9 = b - 2*b, -i - 64 = -w*b. Is a(b) a prime number?
True
Is (-24)/(-32)*2*(-1756)/(-6) composite?
False
Suppose 49 + 233 = 3*j. Let n be (-6)/24 + j/(-8). Is 66/n*(-3 - 1) a prime number?
False
Let o(w) = -w**2 - w + 1. Let u(a) = a**3 + 2*a**2 + 4*a - 3986. Let i(m) = -3*o(m) - u(m). Is i(0) composite?
True
Suppose 0 = -3*d - 2*a + 2875, -2*d + 0*d + 1918 = 2*a. Is ((-23)/3)/((-11)/d) prime?
False
Let n = 15 - -3. Suppose -4*j = -7*j + n. Is (148/j)/(8/12) composite?
False
Let j = -3859 + 6228. Let m = -1254 + j. Is m prime?
False
Let d = -12956 - -65955. Is d a prime number?
True
Suppose 0 = -7*n - 346 + 381. Let l(a) = -a**3 + 6*a**2 + 0*a + 3*a - 11 + a. Is l(n) composite?
True
Let w(s) = 36*s**2 - 8*s - 11. Let q be 9/(-3) + (-2 - 0/2). Is w(q) a prime number?
True
Suppose -2*n - 3*n = -5*r + 1730, -4*r - 5*n + 1339 = 0. Suppose 1516 = 5*b + r. Is b prime?
False
Suppose -6988 + 3727 = -3*u. Is u a prime number?
True
Suppose -26 = -2*q + 5*j + 26, 19 = q + j. Is 4/14 - ((-40464)/q)/4 prime?
False
Let a(f) = -1879*f + 851. Is a(-12) a prime number?
True
Let f(t) be the first derivative of t**4/12 + t**3/2 - 3*t**2 - 4*t - 1. Let d(l) be the first derivative of f(l). Is d(-7) a prime number?
False
Suppose 4*k + 2*c = 18, 0 = c + 3*c + 4. Suppose 4*q - 4*l = 400, 2*q + l - 58 = 157. Suppose -2*x + k*x - q = 0. Is x a composite number?
True
Let u(n) = -n**2 - 13*n + 3. Let q be 72/(-20) + (-6)/(-10). Let i be q*3 - (-2 + 2). Is u(i) a prime number?
False
Suppose -5*h + 5*g + 0*g - 35 = 0, 20 = -2*h + 4*g. Let k(y) = -y**2 - 7*y - 5. Let d be k(h). Let i(n) = 111*n + 10. Is i(d) composite?
False
Let x(m) = m + 1. Let y(p) = -26*p**2 - 9*p - 6. Let l(n) = 6*x(n) + y(n). Let u be l(-2). Let i = 175 + u. Is i a composite number?
True
Let b = -5063 + 7596. Is b composite?
True
Suppose 2*r - 24 = -q - 0*q, 6 = -3*q. Let a(h) = 10*h - 15. Let n be a(r). Is 0 + n + (-18)/9 prime?
True
Let g = -23 - -29. Let b = g - 3. Suppose 1464 + 423 = 3*r - 3*v, -5*r + b*v = -3149. Is r a prime number?
True
Let u be 5/2 + ((-27)/(-6))/9. Is (6051/u)/((2*-1)/(-2)) a composite number?
False
Let p(d) = 181*d**2 + 15*d - 7. Is p(6) composite?
False
Is 14355 + ((-8)/44 - (-18)/(-22)) prime?
False
Is -769*((-35)/63 - (-8)/(-18)) composite?
False
Let r(j) = 3*j**2 + 24*j - 14. Let m(c) = c**2 + 8*c - 5. Let v(z) = -11*m(z) + 4*r(z). Let l be v(-9). Suppose 3*h + 95 = l*h. Is h a prime number?
True
Suppose -299 = -y + 108. Suppose -3*c + 11 = -4. Suppose 5*z - 5 = 0, -c*z - y = -3*v + 467. Is v composite?
False
Suppose -3*d = -2*a + 4312, 0*a - 2*d - 2157 = -a. Is a composite?
False
Suppose 42*a + 20458 - 328360 = 0. Is a composite?
False
Suppose -4*d = -3*f - 0*d + 15, 5*f - 48 = -d. Let r(k) = 2 + 0*k + k**3 - f - 4*k - 5*k - 4*k**2. Is r(7) composite?
True
Let z(t) = -t**2 + 58*t - 100. Is z(27) a composite number?
True
Let l = 972 - 665. Let f(v) = -2*v - 13*v**2 + v**3 + l + 13*v**2 + v. Is f(0) composite?
False
Suppose 2*x + 3*i - 180 = -500, 5*i = -2*x - 312. Let w = 921 - x. Is w prime?
True
Let f be -4 + 5 - -1 - -4. Let x be (16/6)/((-4)/f). Is x/(-18) - (-16106)/18 prime?
False
Suppose 0 = 9*f + 1313 - 45476. Is f composite?
True
Let h(c) be the second derivative of 11/6*c**3 + 13/2*c**2 + 0 - 3*c + 1/12*c**4. Is h(-14) prime?
False
Let p(u) = u**3 + 56*u**2 - 32*u + 30. Is p(-41) a composite number?
False
Suppose -w + 5 = -j, 4*w - 13 = -0*j - 3*j. Suppose -p + 21 = -3*f, -w*f - 18 = 4*p + 26. Is (0 + -1)*(-18 - f) a composite number?
True
Is 868 - (38/7 - 3/7) a prime number?
True
Suppose 0 = -2*j - 3*j + 525. Suppose 0 = 6*o - 250 - 326. Suppose -o = -4*k - 4*x, -x + j = 5*k + x. Is k composite?
False
Let l(i) = -250 + 30*i + 60*i + 267. Is l(7) a prime number?
True
Let a be (5/((-15)/(-144)))/(-1). Let n = a + 101. Suppose p + 2*q = n, -253 = -5*p - q - 3*q. Is p composite?
True
Suppose 0 = 3*l + l + 12892. Let k = -1176 - l. Is k prime?
False
Let v = 3176 - 379. Is v prime?
True
Suppose -b - 5 = -2*b. Let r be 122/(-305) + 1814/10 + 0. Suppose -b*i - a + r = 47, -4*i = -3*a - 92. Is i composite?
True
Let t(q) = -q**2 - 24*q + 19. Suppose 86*j = 87*j + 18. Is t(j) composite?
False
Let z be 19/5 - 7/(-35). Suppose -z*r + 324 = 4*m, -5*m - 3*r = -m - 322. Suppose 3*q - 40 = -4*v + m, -5*v - 3*q = -145. Is v composite?
True
Let c(o) = -9*o + 6744*o**2 - 9*o - 6722*o**2 + 17. Is c(-9) a composite number?
True
Let v(w) = w**3 + 31*w**2 + 5*w + 18. Is v(-25) a prime number?
True
Suppose 5*s + 3*f = 1, 2*s + 5*f - f = -8. Suppose 0 = -5*o - s*i + 97, -10 = 2*i - 2. Is o prime?
False
Suppose 5*q = -3*k + 4809 + 4321, q - 1828 = -k. Is q a prime number?
True
Let i = -50 + 52. Is (117/99 + i/(-11))*379 a prime number?
True
Let p = 333 + -554. Let g(b) = -25*b**2 - b + 6. Let s be g(6). Let l = p - s. Is l a prime number?
False
Suppose 2487 - 7131 = 6*u. Let x = 1121 - u. Is x prime?
False
Suppose -5*x = -4002 - 27923. Is x a prime number?
False
Let c = 2875 + 888. Is c prime?
False
Is 92101/7 + 2/(-7) composite?
True
Let o be ((-48)/(-14))/((-7)/(-49)). Let w = 37 - o. Let q = 72 - w. Is q composite?
False
Suppose -38223 = -3*z + 3*q, 15*z - 14*z - 12747 = 4*q. Is z a prime number?
True
Suppose -4*b = -5*j - 6946, 4*b + 0*j - j = 6954. Is b a prime number?
False
Let k(q) = -6*q + 23. Let p be k(5). Let r = p + 21. Is r a prime number?
False
Let u(v) = v**2 - 9*v + 21. Is u(-25) composite?
True
Let h be 4 - ((0 - -1) + -2). Suppose 3*x = w + 5225, h*x - 8699 = -2*w - w. Is x a prime number?
True
Let d be 2 - ((-38)/(-2) + -3). Let u be (-4)/d + (-78)/(-21). Suppose -u*x - 1018 = -6*x. Is x a composite number?
False
Suppose -3*j - 8*k = -3*k - 4, 5*k + 60 = 5*j. Let y be 3/(-12) + 226/j. Suppose y*r - 447 = 25*r. Is r composite?
False
Suppose 0*u + 30 = -5*u. Is (3 + -2)*(-124)/(2 + u) a composite number?
False
Let k be 38/2*-1*-1. Let m = 10 - k. Let j = m + 127. Is j composite?
True
Let g(n) = -n**3 - 8*n**2 - 7*n - 2. Let s be g(-5). Let j = s - -57. Is j a prime number?
False
Let p(n) = n**2 - 11*n - 22. Let w be p(12). Is 7986/55 + 2/w a prime number?
False
Let c(y) = -243*y - 3. Let w be 5 + -5 - (3 - -2). Let t be c(w). Is 2/(-7) - t/(-28) prime?
True
Let y be 60/4*(-12)/(-20). Let i = -9 + y. Suppose -5*o + 5 + 30 = i. Is o a prime number?
True
Let k(m) = -11*m**2 + 447. Is k(0) a composite number?
True
Let h(r) = 5*r**2 + 10*r - 4*r - 4*r**2. Let d be h(-4). Is -2 - (-4)/(d/(-1502)) prime?
False
Suppose 2*i + 3*v = 13 + 6, -5*i + v = -39. Suppose -k = i - 23. Suppose l - k = 20. Is l a composite number?
True
Let g(l) = 73*l**3 + l**2 - 7. Is g(2) a prime number?
False
Let u = 56 - 32. Let t = u - -9. Is t a composite number?
True
Let u be 14/4*28/49. Is ((-565)/u)/5*-2 a composite number?
False
Let b = -1228 - -3141. Is b a composite number?
False
Is 50789/((7 - 0) + -6) a composite number?
False
Suppose 15*h - 10*h + 2*j = 254635, 2*h = -4*j + 101854. Is h prime?
False
Let u = -2460 + 1324. Let i = u + 2191. Is i a composite number?
True
Let y(b) = 535*b - 12. Let u be y(-4). Is (1 + (-1)/(-2))/((-6)/u) a prime number?
False
Suppose -67058 = -7*f - 16749. Is f prime?
True
Let x be (-12)/(-9) - ((-16)/6)/(-2). Suppose -5*r + 3*m + 18937 = x, 0*r - 3*r = -2*m - 11363. Is r prime?
False
Suppose g + 80 = 82. Suppose g*w - 118 = 12. Is w a prime number?
False
Let r(q) = q**2 + 0*q**2 + 3 - 9*q + 2. Let p be r(9). Suppose 4*v - 77 = 5*x, p*v + 3*x = 77 + 47. Is v a composite number?
False
Suppose 18811 = 2*d - 5131. Is d composite?
False
Suppose -5*h + 4*k - 1 = -13, 0 = -2*h + 4*k. Let f(o) be the first derivative of 6*o**3 + 5*o**2/2 + 3*o + 8. Is f(h) prime?
True
Let a = -1278 - -5125. Is a composite?
False
Suppose n - 25 = 49. Suppose -3*v - 4*k + 2157 = 0, -3*k + 793 - n = v. Is v prime?
True
Let v = 10989 + 9608. Is v a prime number?
False
Let p be 2/2 + (3 - 2). Let i(u) = -2*u**2 + 4*u - 4. Let c be i(p). Is (-111)/c*20/15 composite?
False
Suppose 7*u - 2*u - 105 = 0. Let j(c) = -u*c**2 + 20*c**2 + 3 + 4 - 11*c. Is j(-9) composite?
True
Let w = 2813 + -1218. Suppose 0 = -4*m - 31 + w. Is m a compo